{"id":20,"date":"2019-02-01T18:22:18","date_gmt":"2019-02-01T20:22:18","guid":{"rendered":"http:\/\/localhost\/redefrancofona\/?page_id=20"},"modified":"2025-09-15T22:56:02","modified_gmt":"2025-09-16T01:56:02","slug":"quem-somos","status":"publish","type":"page","link":"https:\/\/redefrancofona.direito.ufmg.br\/?page_id=20","title":{"rendered":"Quem somos"},"content":{"rendered":"\r\n<h4 class=\"wp-block-heading\">Professores Respons\u00e1veis:<\/h4>\r\n\r\n\r\n\r\n<div class=\"wp-block-media-text alignwide\" style=\"grid-template-columns: 33% auto;\">\r\n<figure class=\"wp-block-media-text__media\"><img loading=\"lazy\" decoding=\"async\" width=\"172\" height=\"172\" class=\"wp-image-21\" src=\"http:\/\/localhost\/redefrancofona\/wp-content\/uploads\/2019\/02\/lucas.png\" alt=\"\" srcset=\"https:\/\/redefrancofona.direito.ufmg.br\/wp-content\/uploads\/2019\/02\/lucas.png 172w, https:\/\/redefrancofona.direito.ufmg.br\/wp-content\/uploads\/2019\/02\/lucas-150x150.png 150w, https:\/\/redefrancofona.direito.ufmg.br\/wp-content\/uploads\/2019\/02\/lucas-108x108.png 108w\" sizes=\"auto, (max-width: 172px) 100vw, 172px\" \/><\/figure>\r\n<div class=\"wp-block-media-text__content\">\r\n<p><strong>Lucas Carlos Lima<\/strong> \u00e9 professor de Direito Internacional da UFMG desde 2017. Doutor em Direito Internacional pela Universidad de Macerata (It\u00e1lia), atuou como advogado perante a Corte Internacional de Justi\u00e7a (CIJ). Ele \u00e9 atualmente um dos maiores apoiadores da rede, tendo participado de todos os eventos, ajudado no treinamento das equipes Rousseau e planejado os projetos da rede.<\/p>\r\n<\/div>\r\n<\/div>\r\n\r\n\r\n\r\n<div class=\"wp-block-media-text alignwide has-media-on-the-right\" style=\"grid-template-columns: auto 33%;\">\r\n<figure class=\"wp-block-media-text__media\"><img loading=\"lazy\" decoding=\"async\" width=\"190\" height=\"191\" class=\"wp-image-22\" src=\"http:\/\/localhost\/redefrancofona\/wp-content\/uploads\/2019\/02\/aziz.png\" alt=\"\" srcset=\"https:\/\/redefrancofona.direito.ufmg.br\/wp-content\/uploads\/2019\/02\/aziz.png 190w, https:\/\/redefrancofona.direito.ufmg.br\/wp-content\/uploads\/2019\/02\/aziz-150x150.png 150w, https:\/\/redefrancofona.direito.ufmg.br\/wp-content\/uploads\/2019\/02\/aziz-107x108.png 107w\" sizes=\"auto, (max-width: 190px) 100vw, 190px\" \/><\/figure>\r\n<div class=\"wp-block-media-text__content\">\r\n<p><strong>Aziz Tuffi Saliba<\/strong> \u00e9 professor do Departamento de Direito P\u00fablico da UFMG, doutor em Direito Internacional P\u00fablico e atualmente o Diretor de Rela\u00e7\u00f5es Internacionais da UFMG. O professor Aziz auxilia a Rede angariando parcerias e acordos com universidades de pa\u00edses franc\u00f3fonos.<\/p>\r\n<\/div>\r\n<\/div>\r\n\r\n\r\n\r\n<div class=\"wp-block-media-text alignwide\" style=\"grid-template-columns: 36% auto;\">\r\n<figure class=\"wp-block-media-text__media\"><img loading=\"lazy\" decoding=\"async\" width=\"239\" height=\"237\" class=\"wp-image-27\" src=\"http:\/\/localhost\/redefrancofona\/wp-content\/uploads\/2019\/02\/pedro.png\" alt=\"\" srcset=\"https:\/\/redefrancofona.direito.ufmg.br\/wp-content\/uploads\/2019\/02\/pedro.png 239w, https:\/\/redefrancofona.direito.ufmg.br\/wp-content\/uploads\/2019\/02\/pedro-150x150.png 150w, https:\/\/redefrancofona.direito.ufmg.br\/wp-content\/uploads\/2019\/02\/pedro-109x108.png 109w\" sizes=\"auto, (max-width: 239px) 100vw, 239px\" \/><\/figure>\r\n<div class=\"wp-block-media-text__content\">\r\n<p><strong>Pedro Campos Ara\u00fajo Corgozinho<\/strong> \u00e9 professor e tradutor de franc\u00eas, e respons\u00e1vel pelos aul\u00f5es de franc\u00eas jur\u00eddico oferecidos pela Rede. Pedro j\u00e1 morou na Fran\u00e7a por duas vezes para estudar na Universidade de Paris I, Panth\u00e9on Sorbonne. Formado em Filosofia e em Direito pela UFMG, ele come\u00e7a esse ano seu mestrado na Faculdade de Direito e Ci\u00eancias do Estado da UFMG sobre Direito da Integra\u00e7\u00e3o e Uni\u00e3o Europeia.<\/p>\r\n<\/div>\r\n<\/div>\r\n\r\n\r\n\r\n<h4 class=\"wp-block-heading\">\u00a0<\/h4>\r\n\r\n\r\n\r\n<h3 class=\"wp-block-heading\">Diretoria:<\/h3>\r\n\r\n\r\n\r\n<p>A Diretoria da Rede Franc\u00f3fona \u00e9 composta por quatro vertentes:<\/p>\r\n\r\n\r\n\r\n<div class=\"wp-block-media-text alignwide has-media-on-the-right\" style=\"grid-template-columns: auto 35%;\">\r\n<figure class=\"wp-block-media-text__media\"><img loading=\"lazy\" decoding=\"async\" width=\"219\" height=\"216\" class=\"wp-image-29\" src=\"http:\/\/localhost\/redefrancofona\/wp-content\/uploads\/2019\/02\/c\u00f3pia-de-img_1779.png\" alt=\"\" srcset=\"https:\/\/redefrancofona.direito.ufmg.br\/wp-content\/uploads\/2019\/02\/c\u00f3pia-de-img_1779.png 219w, https:\/\/redefrancofona.direito.ufmg.br\/wp-content\/uploads\/2019\/02\/c\u00f3pia-de-img_1779-110x108.png 110w\" sizes=\"auto, (max-width: 219px) 100vw, 219px\" \/><\/figure>\r\n<div class=\"wp-block-media-text__content\">\r\n<p><strong>Bruna Pirfo<\/strong> \u00e9 a Diretora de Projetos da Rede. Uma das tr\u00eas fundadoras da Rede, ela cursa atualmente\u00a0o 8\u00ba per\u00edodo de Direito da UFMG e \u00e9 estagi\u00e1ria do Consulado Brit\u00e2nico. Foi oradora da Rousseau em 2018, \u00e9 coordenadora do Grupo de Estudo <em>Stylus Curiarum <\/em>e faz inicia\u00e7\u00e3o cient\u00edfica na \u00e1rea de Direito Ambiental Europeu.<\/p>\r\n<\/div>\r\n<\/div>\r\n\r\n\r\n\r\n<div class=\"wp-block-media-text alignwide\" style=\"grid-template-columns: 36% auto;\">\r\n<figure class=\"wp-block-media-text__media\"><img loading=\"lazy\" decoding=\"async\" width=\"219\" height=\"215\" class=\"wp-image-30\" src=\"http:\/\/localhost\/redefrancofona\/wp-content\/uploads\/2019\/02\/rede.png\" alt=\"\" srcset=\"https:\/\/redefrancofona.direito.ufmg.br\/wp-content\/uploads\/2019\/02\/rede.png 219w, https:\/\/redefrancofona.direito.ufmg.br\/wp-content\/uploads\/2019\/02\/rede-110x108.png 110w\" sizes=\"auto, (max-width: 219px) 100vw, 219px\" \/><\/figure>\r\n<div class=\"wp-block-media-text__content\">\r\n<p><strong>Luana Matoso<\/strong>\u00a0\u00e9 uma das co-fundadoras da Rede e \u00e9 Diretora de M\u00eddia. Atualmente cursando o 9\u00ba per\u00edodo, estudou por um semestre na Universit\u00e9 d\u2019Angers, na Fran\u00e7a, e participou do curso de inverno da Humbold-Universit\u00e4t, na Alemanha. Al\u00e9m de ter sido oradora do Concours Charles Rousseau, em 2018 tamb\u00e9m foi estagi\u00e1ria na ORAM \u2013 <em>Organization for Refuge, Asylum and Migration<\/em>, no escrit\u00f3rio de Berlim.<\/p>\r\n<\/div>\r\n<\/div>\r\n\r\n\r\n\r\n<div class=\"wp-block-media-text alignwide has-media-on-the-right\" style=\"grid-template-columns: auto 33%;\">\r\n<figure class=\"wp-block-media-text__media\"><img loading=\"lazy\" decoding=\"async\" width=\"234\" height=\"237\" class=\"wp-image-31\" src=\"http:\/\/localhost\/redefrancofona\/wp-content\/uploads\/2019\/02\/img_3583.jpg\" alt=\"\" srcset=\"https:\/\/redefrancofona.direito.ufmg.br\/wp-content\/uploads\/2019\/02\/img_3583.jpg 234w, https:\/\/redefrancofona.direito.ufmg.br\/wp-content\/uploads\/2019\/02\/img_3583-107x108.jpg 107w\" sizes=\"auto, (max-width: 234px) 100vw, 234px\" \/><\/figure>\r\n<div class=\"wp-block-media-text__content\">\r\n<p><strong>J\u00falia Machado \u00a0<\/strong>\u00e9 a Diretora de Contato Externo. Atualmente realiza o 6\u00ba per\u00edodo do curso de Direito\/UFMG. Foi estagi\u00e1ria na Cl\u00ednica de Direitos Humanos da UFMG, lidando com povos\u00a0ind\u00edgenas e direitos humanos e empresas. Realiza inicia\u00e7\u00e3o cient\u00edfica na \u00e1rea de Direito International.<\/p>\r\n<\/div>\r\n<\/div>\r\n\r\n\r\n\r\n<div class=\"wp-block-media-text alignwide\" style=\"grid-template-columns: 33% auto;\">\r\n<figure class=\"wp-block-media-text__media\"><img loading=\"lazy\" decoding=\"async\" width=\"108\" height=\"108\" class=\"wp-image-7\" src=\"https:\/\/redefrancofona.direito.ufmg.br\/wp-content\/uploads\/2019\/02\/cropped-logo-pequeno.jpg\" alt=\"\" \/><\/figure>\r\n<div class=\"wp-block-media-text__content\">\r\n<p><strong>Nina Fran\u00e7a<\/strong> faz parte da Diretoria de Eventos. Atualmente cursando o 6\u00ba per\u00edodo de Direito na UFMG, foi estagi\u00e1ria da Revista da Faculdade de Direito da UFMG. Faz parte do Grupo de Estudos\u00a0<em>Stylus Curiarum\u00a0<\/em>e faz inicia\u00e7\u00e3o cient\u00edfica na \u00e1rea de Direito Internacional P\u00fablico.<\/p>\r\n<\/div>\r\n<\/div>\r\n\r\n\r\n\r\n<div class=\"wp-block-media-text alignwide has-media-on-the-right\" style=\"grid-template-columns: auto 33%;\">\r\n<figure class=\"wp-block-media-text__media\"><img loading=\"lazy\" decoding=\"async\" width=\"108\" height=\"108\" class=\"wp-image-7\" src=\"https:\/\/redefrancofona.direito.ufmg.br\/wp-content\/uploads\/2019\/02\/cropped-logo-pequeno.jpg\" alt=\"\" \/><\/figure>\r\n<div class=\"wp-block-media-text__content\">\r\n<p><strong>Fernanda Lamounier<\/strong> faz parte da Diretoria de M\u00eddias. Atualmente cursando o 6\u00ba per\u00edodo de Direito da UFMG, \u00e9 estagi\u00e1ria na 1\u00aa C\u00e2mara C\u00edvel do Tribunal de Justi\u00e7a de Minas Gerais. Participou da 25th Willem C. Vis International Commercial Arbitration Moot e \u00e9 monitora de Direito Internacional P\u00fablico.<\/p>\r\n<\/div>\r\n<\/div>\r\n\r\n\r\n\r\n<div class=\"wp-block-media-text alignwide\" style=\"grid-template-columns: 33% auto;\">\r\n<figure class=\"wp-block-media-text__media\"><img loading=\"lazy\" decoding=\"async\" width=\"108\" height=\"108\" class=\"wp-image-7\" src=\"https:\/\/redefrancofona.direito.ufmg.br\/wp-content\/uploads\/2019\/02\/cropped-logo-pequeno.jpg\" alt=\"\" \/><\/figure>\r\n<div class=\"wp-block-media-text__content\">\r\n<p><strong>Ana Carolina Muniz<\/strong> \u00e9 uma das co-fundadoras da Rede. Atualmente cursando o 9\u00ba per\u00edodo, \u00e9 Diretora do Centro Acad\u00eamico Afonso Pena (CAAP) e pesquisadora no Centro de Direito Internacional. Realizou interc\u00e2mbios nos Estados Unidos, Canad\u00e1, China e Coreia do Sul, e foi considerada a quarta melhor oradora do Concours Charles Rousseau em 2018, realizando, ainda, inicia\u00e7\u00e3o cient\u00edfica na \u00e1rea de Direito Internacional P\u00fablico.<\/p>\r\n<\/div>\r\n<\/div>\r\n\r\n\r\n\r\n<div class=\"wp-block-media-text alignwide has-media-on-the-right\" style=\"grid-template-columns: auto 33%;\">\r\n<figure class=\"wp-block-media-text__media\"><img loading=\"lazy\" decoding=\"async\" width=\"108\" height=\"108\" class=\"wp-image-7\" src=\"https:\/\/redefrancofona.direito.ufmg.br\/wp-content\/uploads\/2019\/02\/cropped-logo-pequeno.jpg\" alt=\"\" \/><\/figure>\r\n<div class=\"wp-block-media-text__content\">\r\n<p><strong>Bruno Morais<\/strong> faz parte da Diretoria de Projetos. Atualmente cursando o 8\u00ba per\u00edodo, \u00e9 estagi\u00e1rio do Tribunal de Justi\u00e7a de Minas Gerais, integrou o Grupo de Estudos em Criminologia Casa Verde e realiza inicia\u00e7\u00e3o cient\u00edfica em ci\u00eancias criminais.<\/p>\r\n<\/div>\r\n<\/div>\r\n\r\n\r\n\r\n<div class=\"wp-block-media-text alignwide\" style=\"grid-template-columns: 33% auto;\">\r\n<figure class=\"wp-block-media-text__media\"><img loading=\"lazy\" decoding=\"async\" width=\"108\" height=\"108\" class=\"wp-image-7\" src=\"https:\/\/redefrancofona.direito.ufmg.br\/wp-content\/uploads\/2019\/02\/cropped-logo-pequeno.jpg\" alt=\"\" \/><\/figure>\r\n<div class=\"wp-block-media-text__content\">\r\n<p><strong>Ana Lu\u00edsa Rocha<\/strong> integra a Diretoria de Rela\u00e7\u00f5es P\u00fablicas da Rede Franc\u00f3fona. Atualmente cursa o 6\u00b0 per\u00edodo de Direito na UFMG. \u00c9 tamb\u00e9m estagi\u00e1ria da Cl\u00ednica de Trabalho Escravo e Tr\u00e1fico de Pessoas da UFMG e faz parte do Grupo de Estudos Stylus Curiarum.<\/p>\r\n<\/div>\r\n<\/div>\r\n","protected":false},"excerpt":{"rendered":"<p>Professores Respons\u00e1veis: Lucas Carlos Lima \u00e9 professor de Direito Internacional da UFMG desde 2017. Doutor em Direito Internacional pela Universidad de Macerata (It\u00e1lia), atuou como advogado perante a Corte Internacional de Justi\u00e7a (CIJ). Ele \u00e9 atualmente um dos maiores apoiadores da rede, tendo participado de todos os eventos, ajudado no treinamento das equipes Rousseau e &hellip; <a href=\"https:\/\/redefrancofona.direito.ufmg.br\/?page_id=20\" class=\"more-link\">Continuar lendo <span class=\"screen-reader-text\">Quem somos<\/span><\/a><\/p>\n","protected":false},"author":1,"featured_media":0,"parent":0,"menu_order":0,"comment_status":"closed","ping_status":"closed","template":"","meta":{"footnotes":""},"class_list":["post-20","page","type-page","status-publish","hentry"],"_links":{"self":[{"href":"https:\/\/redefrancofona.direito.ufmg.br\/index.php?rest_route=\/wp\/v2\/pages\/20","targetHints":{"allow":["GET"]}}],"collection":[{"href":"https:\/\/redefrancofona.direito.ufmg.br\/index.php?rest_route=\/wp\/v2\/pages"}],"about":[{"href":"https:\/\/redefrancofona.direito.ufmg.br\/index.php?rest_route=\/wp\/v2\/types\/page"}],"author":[{"embeddable":true,"href":"https:\/\/redefrancofona.direito.ufmg.br\/index.php?rest_route=\/wp\/v2\/users\/1"}],"replies":[{"embeddable":true,"href":"https:\/\/redefrancofona.direito.ufmg.br\/index.php?rest_route=%2Fwp%2Fv2%2Fcomments&post=20"}],"version-history":[{"count":4,"href":"https:\/\/redefrancofona.direito.ufmg.br\/index.php?rest_route=\/wp\/v2\/pages\/20\/revisions"}],"predecessor-version":[{"id":275,"href":"https:\/\/redefrancofona.direito.ufmg.br\/index.php?rest_route=\/wp\/v2\/pages\/20\/revisions\/275"}],"wp:attachment":[{"href":"https:\/\/redefrancofona.direito.ufmg.br\/index.php?rest_route=%2Fwp%2Fv2%2Fmedia&parent=20"}],"curies":[{"name":"wp","href":"https:\/\/api.w.org\/{rel}","templated":true}]}}